6*f**3 + 9*f**2 + 7*f - 6. Let m(l) = -w(l) + 5*x(l). What is m(3)?
1
Let k = -246 - -342. Let c(l) = -91 + 10*l + k - 11*l. Determine c(6).
-1
Let d = 561 - 535. Let k(w) = 30 - 50 - w**2 + d + 5*w. Determine k(8).
-18
Let p(z) be the second derivative of -5*z**4/12 - 5*z**3/2 + 2*z**2 + 14*z - 41. Determine p(-3).
4
Let o(i) = -39*i - 277. Let t be o(-7). Let d(s) = 2*s + 1 - 2*s + 4*s + 0*s**2 + s**2. Give d(t).
1
Let j(f) = 441*f + f**2 + 8*f**2 - 8 - 438*f. Let k(q) = -16*q**2 - 7*q + 14. Let d(g) = 7*j(g) + 4*k(g). Suppose -5*v = 1 + 19. Give d(v).
12
Let j(y) be the first derivative of -y**4/4 + 5*y**3/3 + y**2/2 + 2*y + 2. Let b be -1*8 + (39/9)/((-40)/(-120)). Give j(b).
7
Let y(g) = 2*g**2 - 6*g + 6. Let i = 0 + 28. Suppose -5*v + 23*a + i = 26*a, 4*a - 29 = -5*v. Determine y(v).
26
Let o be 1*(-1 + -4 - -4). Let d be (-6)/(-8) - 6/8 - o. Let u(k) = 32 - 63 + 32 - 12*k. Give u(d).
-11
Let n = 93 - 178. Let b be 9/15 - (-561)/n. Let p(r) = r**3 + 8*r**2 + 11*r + 5. Give p(b).
11
Let y(l) be the second derivative of -l**6/720 - l**5/6 + 97*l**4/12 + l**3/6 - 8*l + 6. Let g(n) be the third derivative of y(n). What is g(-15)?
-5
Let w(t) = t - 14. Let p be w(26). Let y(g) = p + 2*g**2 + 10*g + 6*g**2 + 5*g**2 - 11*g**2 - g**2. What is y(-10)?
12
Let d(w) = w**3 - 5*w**2 - 1. Let v(r) = -4*r**3 + 25*r**2 - 10*r - 6. Let o(y) = -3*d(y) - v(y). Calculate o(9).
18
Let y = -6197 - -6225. Let i(q) = -2*q + 43. Calculate i(y).
-13
Suppose 2*m + 32 - 34 = 0. Suppose 7 = 4*w - 13. Let t(b) = -5*b + b + 1 + 3*b - w*b. Give t(m).
-5
Let h(a) be the first derivative of a**4/2 + 10*a**3/3 - 27*a**2/2 - 804. Determine h(-7).
-7
Let u = -31 - -32. Let l(x) = -x**3 - x**2 + 1. Let p(a) = -3*a**3 - 9*a**2 - 7*a - 6. Let z(d) = u*p(d) - 2*l(d). Determine z(-6).
-2
Let y(k) = 16*k**2 + 94*k + 1. Let l be (((-84)/(-630))/((-10)/(-25)))/((-2)/36). What is y(l)?
13
Let y(r) be the first derivative of -2*r**3/3 + r**2 - 466. Calculate y(2).
-4
Let c(g) = -5*g**2 - 11*g + 1. Let p(t) = 2*t**2 + 4*t. Let d(w) = -3*c(w) - 8*p(w). Let n = 784316 + -784313. Calculate d(n).
-9
Suppose -10 = -6*c + 44. Let g(k) = 2*k**3 - 17*k**2 - 8*k - 20. Calculate g(c).
-11
Let y(u) be the second derivative of u**3/6 - 3*u**2/2 - u. Let d = -13948 - -13952. Calculate y(d).
1
Let i(w) = -w**2 - 58*w - 639. Let x be i(-15). Let h(a) = -a**3 + 6*a**2 + 2*a - 1. Calculate h(x).
11
Let i(b) = -15*b**3 - 3*b**2 - 7*b + 3. Let y(g) = -41*g**2 - 37*g**2 + 82*g**2 + 15*g**3 - 4 + 9*g. Let k(d) = -4*i(d) - 3*y(d). Calculate k(1).
16
Let a(i) = -i**3 - 43*i**2 + 44*i - 6. Let n be a(-44). Let o(k) = -17 + 3 + 0*k + 0 - 3*k. Calculate o(n).
4
Let s(a) be the second derivative of 3/2*a**2 + 0 + 5/12*a**4 - 25*a + 2/3*a**3. Let m(l) = -l - 10. Let d be m(-8). Give s(d).
15
Let c(o) = -o**2 - 4*o + 17. Let p be (-2)/(-4)*(48/(-15))/((-4)/(-20)). What is c(p)?
-15
Let k(n) = n**3 + 21*n**2 - 3*n - 49. Suppose 9*u + 2243 - 1802 = -12*u. Give k(u).
14
Let v(m) = -m + 2. Let q = 6 - -4. Let j be (8/6)/((-10)/375*-10). Suppose -q*w - j = -11*w. Calculate v(w).
-3
Let s(r) = 0 - 19*r - 1544*r**2 - 18 - r**3 + 1525*r**2. Determine s(-18).
0
Let c be ((-27)/(-135) - (-364)/(-70)) + 0/1. Let a(t) = t + 5. Let o(l) = -3*l - 14. Let p(i) = 7*a(i) + 2*o(i). Calculate p(c).
2
Let a = -58 - -64. Suppose z + 2*n - a*n = -11, z = n + 1. Suppose 53 = -12*j + z. Let i(g) = -g**2 - 4*g + 1. Determine i(j).
1
Let c(w) be the third derivative of -w**4/24 - 44*w**2. Let j = -65 + 68. Suppose -5*x + q - 4 = -q, 7 = x - j*q. What is c(x)?
2
Suppose -2*i - 3*n + 26 = 2*n, 3*n + 3 = 5*i. Let a(f) = 48*f + 1. Let y(h) = 263*h + 6. Let j(u) = 11*a(u) - 2*y(u). What is j(i)?
5
Let b(t) = 9*t**2 + 47*t + 5. Let y(u) = 2*u**2 + 9*u + 1. Let d(w) = b(w) - 5*y(w). Calculate d(1).
1
Let w(h) = 4*h**2 - 2*h - 4. Let o be w(4). Suppose -2*j = -o + 14. Let s(i) = i**3 - 19*i**2 - i + 10. Let u be s(j). Let f(m) = 2*m + 12. Calculate f(u).
-6
Let u(v) be the first derivative of 3 - 28*v - 1/2*v**3 - 1/6*v**4 - v**2. Let c(w) be the first derivative of u(w). Give c(-3).
-11
Suppose -9*n + 2*s = -7*n + 24, 0 = -n + 4*s - 15. Let z(r) = -2 + 8*r - 4*r - 16*r - r**2. Determine z(n).
9
Let g(f) = f**2 - 15*f - 1. Let k = -3424 - -3436. What is g(k)?
-37
Let s(n) = n**2 - 12*n + 12. Let g(k) = -k + 2. Let h(b) = -3*g(b) + s(b). Determine h(5).
-14
Suppose 16*j = -2723 + 2771. Let a(r) be the first derivative of -r**3/2 + 2*r**2 - r - 1. Let t(c) be the first derivative of a(c). What is t(j)?
-5
Let k be 24/(-9 - (-120)/16). Let d(c) = c**3 + 15*c**2 - 16*c - 12. Give d(k).
-12
Let z(c) = -c**2 + 16*c - 1. Let b(g) = g**2 - 13*g - 1. Let y(k) = -4*b(k) - 3*z(k). What is y(3)?
10
Let n(k) = 3*k**2 + 6*k + 89. Let l(t) = 2*t**2 + 5*t + 90. Let a(f) = 7*l(f) - 6*n(f). Let q(i) be the first derivative of a(i). Give q(3).
-25
Let n(p) = -p**3 - 38*p**2 + 78*p**2 + 3*p - 43*p**2 + 1. Suppose -309 + 1817 = 13*f. Let j = f - 119. Determine n(j).
-8
Suppose 4 = n, -j + 12*n - 6 = 16*n. Let f(m) = m + 40. Give f(j).
18
Let m(p) = -6*p - 3. Let u(b) = 19*b - 112. Let h be u(6). Let a be (h + 6/(-8))/(92/(-368)). What is m(a)?
27
Let v(s) be the second derivative of s**5/4 + s**4/3 + s**3/6 - s**2 + 139*s - 6. Calculate v(-2).
-28
Let k(i) = 22*i**3 - 3*i**2 - 17*i + 36. Let s(a) = 10*a**3 - a**2 - 8*a + 17. Let p(b) = -4*k(b) + 9*s(b). What is p(-4)?
-55
Let y(p) = -3*p - 2. Let l = -4314 + 4309. Let o(a) be the third derivative of a**4/6 + a**3/2 - 2*a**2. Let g(r) = l*y(r) - 4*o(r). Calculate g(-1).
-1
Let d(v) = v - 1. Suppose 5*m + 3*h - 4*h - 24 = 0, -4*h - 16 = 0. Suppose -2*j + 5*j + 4*r = 165, -m*j - 3*r = -227. Let o = 67 - j. What is d(o)?
7
Let w(r) = 30*r**3 - 53*r**2 - 22*r + 15. Let s(b) = 14*b**3 - 25*b**2 - 11*b + 7. Let j(i) = 13*s(i) - 6*w(i). Calculate j(5).
21
Let d(a) = -a**2 - 9*a - 6. Let w(c) = 2 + 15 + 2 + 7*c. Suppose -150*j = 689 - 89. Let v be w(j). Give d(v).
-6
Suppose 6*m - 13 = -337. Let y be (-6)/m + (-51)/(-27). Let f(k) = -k**2 - k + 2*k + 3*k - y*k + 2. Calculate f(5).
-13
Let c(l) = -l**3 - 68*l**2 - 59*l + 537. Let t be c(-67). Let b(o) be the second derivative of 7/3*o**3 + o + 1/2*o**2 + 0. What is b(t)?
15
Suppose 31*h - 2330 = -108*h - 523. Let m(x) = x**3 - 12*x**2 - 10*x - 19. What is m(h)?
20
Let h(k) = -4*k - 2. Let y(r) = r**2 + 5*r - 3. Let t(s) = s**3 - 5*s**2 - 10*s + 15. Let m be t(7). Let c = 38 - m. Let v be y(c). What is h(v)?
10
Let g(u) = -4*u - 9. Let z(n) be the first derivative of -9*n**2/2 - 17*n + 6. Suppose j = -0 - 5, -t - 36 = 5*j. Let d(y) = t*g(y) + 6*z(y). Determine d(-3).
27
Let f(s) be the third derivative of -s**6/120 + s**5/10 - s**4/24 - s**3/6 + 887*s**2. Give f(6).
-7
Let f(s) = -s**3 - 8*s**2 - 5*s - 9. Let b be 2895/10 - (-2)/4. Suppose o - 314 = -5*q, -4*q + 5*o = q - b. Let y = q - 69. What is f(y)?
-23
Let t = 417062 + -417058. Let o(l) be the first derivative of -l**4/4 + l**3 + l**2 + 4*l + 1. What is o(t)?
-4
Suppose -83*k - 5*c - 63 = -86*k, 3*c + 17 = k. Let s(l) = l**3 - 2*l**2 - 2*l - 3. Let h be s(4). Let g = h - k. Let w(u) = u**2 + 3*u - 2. Determine w(g).
8
Let y(f) = -5*f. Let g(w) = 1 - 5*w + 4*w + 2*w. Let t(i) = -6*g(i) - y(i). Let p be 18/99 - 48/264. Give t(p).
-6
Let t = -14 - -10. Let r = -1 - t. Let x(o) = -2 + 2361*o + 1 - 1179*o - 1182*o + o**2. Determine x(r).
8
Let s(f) = -3*f + 18991*f**2 - 3*f - 18992*f**2 + 26 + 32. What is s(6)?
-14
Let s = 266 + -53. Let u = 215 - s. Let v(d) = 2*d**2 - 2*d + 1. Determine v(u).
5
Let g(u) = -6*u**2 - 5*u - 4. Let v = 22877 - 22880. Give g(v).
-43
Let z(y) = -7*y**3 + 176*y**2 - 25*y - 5. Let k be z(25). Let x(v) = 4*v**2 + 25*v + 26. What is x(k)?
1
Let u(n) = -49*n + 51. Let x be 112/28*7/14. Calculate u(x).
-47
Suppose -3*g - 2*g + 68 = 4*i, 0 = 3*i - 6. Let x(d) = 1208*d**3 - 603*d**3 - 2 + 3*d**2 - 604*d**3 - 15*d**2. Determine x(g).
-2
Let a(g) = 12598*g + 0*g**2 + 1 - 12596*g - g**2 + 5*g**2 - 5*g**2. Determine a(3).
-2
Let g(j) = -2*j**3 + 10*j**2 + 14*j - 10. Let f be g(6). Let n(h) = -91*h + 2 - 4*h**2 + 8*h**f + 87*h - h**2. Calculate n(3).
17
Let b(l) = -l**3 - 20*l**2 - 45*l + 115. Let h be b(-17). Let i(g) = -6*g + 89. Give i(h).
11
Let n = 80 + -76. Suppose -2*j - 16 = -n*k + j, 0 = 4*j - 16